{"id":7078,"date":"2024-11-19T18:53:14","date_gmt":"2024-11-19T17:53:14","guid":{"rendered":"https:\/\/herrenchiemsee-festspiele.de\/klaus-joerg-schoenmetzler\/"},"modified":"2024-11-19T19:46:28","modified_gmt":"2024-11-19T18:46:28","slug":"klaus-joerg-schoenmetzler","status":"publish","type":"page","link":"https:\/\/herrenchiemsee-festspiele.de\/en\/klaus-joerg-schoenmetzler\/","title":{"rendered":"Klaus J\u00f6rg Sch\u00f6nmetzler"},"content":{"rendered":"<p>[et_pb_section fb_built=&#8221;1&#8243; admin_label=&#8221;Sektion&#8221; _builder_version=&#8221;4.18.0&#8243; _module_preset=&#8221;24df4615-b98a-45b4-b8e0-f8ef254dc28e&#8221; global_colors_info=&#8221;{}&#8221;][et_pb_row column_structure=&#8221;1_3,2_3&#8243; admin_label=&#8221;Zeile&#8221; _builder_version=&#8221;4.18.0&#8243; _module_preset=&#8221;default&#8221; global_colors_info=&#8221;{}&#8221;][et_pb_column type=&#8221;1_3&#8243; _builder_version=&#8221;4.18.0&#8243; _module_preset=&#8221;default&#8221; global_colors_info=&#8221;{}&#8221;][et_pb_text _builder_version=&#8221;4.27.3&#8243; _module_preset=&#8221;default&#8221; hover_enabled=&#8221;0&#8243; global_colors_info=&#8221;{}&#8221; sticky_enabled=&#8221;0&#8243;]<\/p>\n<h2>Klaus J\u00f6rg Sch\u00f6nmetzler<\/h2>\n<p> 16 December 1949 &#8211; 25 May 2017[\/et_pb_text][\/et_pb_column][et_pb_column type=&#8221;2_3&#8243; _builder_version=&#8221;4.18.0&#8243; _module_preset=&#8221;default&#8221; global_colors_info=&#8221;{}&#8221;][et_pb_image src=&#8221;https:\/\/herrenchiemsee-festspiele.de\/wp-content\/uploads\/2022\/08\/klaus-joerg-schoenmetzler.jpg&#8221; title_text=&#8221;klaus-joerg-schoenmetzler&#8221; _builder_version=&#8221;4.18.0&#8243; _module_preset=&#8221;default&#8221; global_colors_info=&#8221;{}&#8221;][\/et_pb_image][\/et_pb_column][\/et_pb_row][et_pb_row column_structure=&#8221;1_3,2_3&#8243; admin_label=&#8221;Zeile&#8221; _builder_version=&#8221;4.18.0&#8243; _module_preset=&#8221;default&#8221; global_colors_info=&#8221;{}&#8221;][et_pb_column type=&#8221;1_3&#8243; _builder_version=&#8221;4.18.0&#8243; _module_preset=&#8221;default&#8221; global_colors_info=&#8221;{}&#8221;][\/et_pb_column][et_pb_column type=&#8221;2_3&#8243; _builder_version=&#8221;4.18.0&#8243; _module_preset=&#8221;default&#8221; global_colors_info=&#8221;{}&#8221;][et_pb_text _builder_version=&#8221;4.18.0&#8243; _module_preset=&#8221;default&#8221; global_colors_info=&#8221;{}&#8221;]<\/p>\n<p>In 2000, Enoch zu Guttenberg and his dramaturge Klaus J\u00f6rg Sch\u00f6nmetzler tested the suitability of the Herrenchiemsee<br \/>the suitability of the Herrenchiemsee Royal Palace&#8217;s Mirror Gallery as a concert hall with a seven-day \u2018Bach Festival\u2019. In 2001, the International Herrenchiemsee Festival was born, which has developed into an institution in international music life: a concept festival with an unmistakable profile and the highest artistic standards. The programme has always been guided by the special magic of the place with its monastic tradition spanning one and a half millennia, the world-famous royal palace and the birthplace of the German constitution.<\/p>\n<p>[\/et_pb_text][\/et_pb_column][\/et_pb_row][\/et_pb_section]<\/p>\n","protected":false},"excerpt":{"rendered":"<p>Klaus J\u00f6rg Sch\u00f6nmetzler 16 December 1949 &#8211; 25 May 2017In 2000, Enoch zu Guttenberg and his dramaturge Klaus J\u00f6rg Sch\u00f6nmetzler tested the suitability of the Herrenchiemseethe suitability of the Herrenchiemsee Royal Palace&#8217;s Mirror Gallery as a concert hall with a seven-day \u2018Bach Festival\u2019. In 2001, the International Herrenchiemsee Festival was born, which has developed into [&hellip;]<\/p>\n","protected":false},"author":5,"featured_media":0,"parent":0,"menu_order":0,"comment_status":"closed","ping_status":"closed","template":"","meta":{"_et_pb_use_builder":"on","_et_pb_old_content":"","_et_gb_content_width":"","footnotes":""},"class_list":["post-7078","page","type-page","status-publish","hentry"],"yoast_head":"<!-- This site is optimized with the Yoast SEO plugin v26.9 - https:\/\/yoast.com\/product\/yoast-seo-wordpress\/ -->\n<title>Klaus J\u00f6rg Sch\u00f6nmetzler - Herrenchiemsee Festspiele<\/title>\n<meta name=\"robots\" content=\"index, follow, max-snippet:-1, max-image-preview:large, max-video-preview:-1\" \/>\n<link rel=\"canonical\" href=\"https:\/\/herrenchiemsee-festspiele.de\/en\/klaus-joerg-schoenmetzler\/\" \/>\n<meta property=\"og:locale\" content=\"en_US\" \/>\n<meta property=\"og:type\" content=\"article\" \/>\n<meta property=\"og:title\" content=\"Klaus J\u00f6rg Sch\u00f6nmetzler - Herrenchiemsee Festspiele\" \/>\n<meta property=\"og:description\" content=\"Klaus J\u00f6rg Sch\u00f6nmetzler 16 December 1949 - 25 May 2017In 2000, Enoch zu Guttenberg and his dramaturge Klaus J\u00f6rg Sch\u00f6nmetzler tested the suitability of the Herrenchiemseethe suitability of the Herrenchiemsee Royal Palace&#039;s Mirror Gallery as a concert hall with a seven-day \u2018Bach Festival\u2019. In 2001, the International Herrenchiemsee Festival was born, which has developed into [&hellip;]\" \/>\n<meta property=\"og:url\" content=\"https:\/\/herrenchiemsee-festspiele.de\/en\/klaus-joerg-schoenmetzler\/\" \/>\n<meta property=\"og:site_name\" content=\"Herrenchiemsee Festspiele\" \/>\n<meta property=\"article:modified_time\" content=\"2024-11-19T18:46:28+00:00\" \/>\n<meta name=\"twitter:card\" content=\"summary_large_image\" \/>\n<meta name=\"twitter:label1\" content=\"Est. reading time\" \/>\n\t<meta name=\"twitter:data1\" content=\"1 minute\" \/>\n<script type=\"application\/ld+json\" class=\"yoast-schema-graph\">{\"@context\":\"https:\/\/schema.org\",\"@graph\":[{\"@type\":\"WebPage\",\"@id\":\"https:\/\/herrenchiemsee-festspiele.de\/en\/klaus-joerg-schoenmetzler\/\",\"url\":\"https:\/\/herrenchiemsee-festspiele.de\/en\/klaus-joerg-schoenmetzler\/\",\"name\":\"Klaus J\u00f6rg Sch\u00f6nmetzler - Herrenchiemsee Festspiele\",\"isPartOf\":{\"@id\":\"https:\/\/herrenchiemsee-festspiele.de\/en\/#website\"},\"datePublished\":\"2024-11-19T17:53:14+00:00\",\"dateModified\":\"2024-11-19T18:46:28+00:00\",\"breadcrumb\":{\"@id\":\"https:\/\/herrenchiemsee-festspiele.de\/en\/klaus-joerg-schoenmetzler\/#breadcrumb\"},\"inLanguage\":\"en-US\",\"potentialAction\":[{\"@type\":\"ReadAction\",\"target\":[\"https:\/\/herrenchiemsee-festspiele.de\/en\/klaus-joerg-schoenmetzler\/\"]}]},{\"@type\":\"BreadcrumbList\",\"@id\":\"https:\/\/herrenchiemsee-festspiele.de\/en\/klaus-joerg-schoenmetzler\/#breadcrumb\",\"itemListElement\":[{\"@type\":\"ListItem\",\"position\":1,\"name\":\"Startseite\",\"item\":\"https:\/\/herrenchiemsee-festspiele.de\/en\/\"},{\"@type\":\"ListItem\",\"position\":2,\"name\":\"Klaus J\u00f6rg Sch\u00f6nmetzler\"}]},{\"@type\":\"WebSite\",\"@id\":\"https:\/\/herrenchiemsee-festspiele.de\/en\/#website\",\"url\":\"https:\/\/herrenchiemsee-festspiele.de\/en\/\",\"name\":\"Herrenchiemsee Festspiele\",\"description\":\"\",\"publisher\":{\"@id\":\"https:\/\/herrenchiemsee-festspiele.de\/en\/#organization\"},\"potentialAction\":[{\"@type\":\"SearchAction\",\"target\":{\"@type\":\"EntryPoint\",\"urlTemplate\":\"https:\/\/herrenchiemsee-festspiele.de\/en\/?s={search_term_string}\"},\"query-input\":{\"@type\":\"PropertyValueSpecification\",\"valueRequired\":true,\"valueName\":\"search_term_string\"}}],\"inLanguage\":\"en-US\"},{\"@type\":\"Organization\",\"@id\":\"https:\/\/herrenchiemsee-festspiele.de\/en\/#organization\",\"name\":\"Herrenchiemsee Festspiele\",\"url\":\"https:\/\/herrenchiemsee-festspiele.de\/en\/\",\"logo\":{\"@type\":\"ImageObject\",\"inLanguage\":\"en-US\",\"@id\":\"https:\/\/herrenchiemsee-festspiele.de\/en\/#\/schema\/logo\/image\/\",\"url\":\"https:\/\/herrenchiemsee-festspiele.de\/wp-content\/uploads\/2022\/09\/hcf-logo-neu.png\",\"contentUrl\":\"https:\/\/herrenchiemsee-festspiele.de\/wp-content\/uploads\/2022\/09\/hcf-logo-neu.png\",\"width\":399,\"height\":150,\"caption\":\"Herrenchiemsee Festspiele\"},\"image\":{\"@id\":\"https:\/\/herrenchiemsee-festspiele.de\/en\/#\/schema\/logo\/image\/\"}}]}<\/script>\n<!-- \/ Yoast SEO plugin. -->","yoast_head_json":{"title":"Klaus J\u00f6rg Sch\u00f6nmetzler - Herrenchiemsee Festspiele","robots":{"index":"index","follow":"follow","max-snippet":"max-snippet:-1","max-image-preview":"max-image-preview:large","max-video-preview":"max-video-preview:-1"},"canonical":"https:\/\/herrenchiemsee-festspiele.de\/en\/klaus-joerg-schoenmetzler\/","og_locale":"en_US","og_type":"article","og_title":"Klaus J\u00f6rg Sch\u00f6nmetzler - Herrenchiemsee Festspiele","og_description":"Klaus J\u00f6rg Sch\u00f6nmetzler 16 December 1949 - 25 May 2017In 2000, Enoch zu Guttenberg and his dramaturge Klaus J\u00f6rg Sch\u00f6nmetzler tested the suitability of the Herrenchiemseethe suitability of the Herrenchiemsee Royal Palace's Mirror Gallery as a concert hall with a seven-day \u2018Bach Festival\u2019. In 2001, the International Herrenchiemsee Festival was born, which has developed into [&hellip;]","og_url":"https:\/\/herrenchiemsee-festspiele.de\/en\/klaus-joerg-schoenmetzler\/","og_site_name":"Herrenchiemsee Festspiele","article_modified_time":"2024-11-19T18:46:28+00:00","twitter_card":"summary_large_image","twitter_misc":{"Est. reading time":"1 minute"},"schema":{"@context":"https:\/\/schema.org","@graph":[{"@type":"WebPage","@id":"https:\/\/herrenchiemsee-festspiele.de\/en\/klaus-joerg-schoenmetzler\/","url":"https:\/\/herrenchiemsee-festspiele.de\/en\/klaus-joerg-schoenmetzler\/","name":"Klaus J\u00f6rg Sch\u00f6nmetzler - Herrenchiemsee Festspiele","isPartOf":{"@id":"https:\/\/herrenchiemsee-festspiele.de\/en\/#website"},"datePublished":"2024-11-19T17:53:14+00:00","dateModified":"2024-11-19T18:46:28+00:00","breadcrumb":{"@id":"https:\/\/herrenchiemsee-festspiele.de\/en\/klaus-joerg-schoenmetzler\/#breadcrumb"},"inLanguage":"en-US","potentialAction":[{"@type":"ReadAction","target":["https:\/\/herrenchiemsee-festspiele.de\/en\/klaus-joerg-schoenmetzler\/"]}]},{"@type":"BreadcrumbList","@id":"https:\/\/herrenchiemsee-festspiele.de\/en\/klaus-joerg-schoenmetzler\/#breadcrumb","itemListElement":[{"@type":"ListItem","position":1,"name":"Startseite","item":"https:\/\/herrenchiemsee-festspiele.de\/en\/"},{"@type":"ListItem","position":2,"name":"Klaus J\u00f6rg Sch\u00f6nmetzler"}]},{"@type":"WebSite","@id":"https:\/\/herrenchiemsee-festspiele.de\/en\/#website","url":"https:\/\/herrenchiemsee-festspiele.de\/en\/","name":"Herrenchiemsee Festspiele","description":"","publisher":{"@id":"https:\/\/herrenchiemsee-festspiele.de\/en\/#organization"},"potentialAction":[{"@type":"SearchAction","target":{"@type":"EntryPoint","urlTemplate":"https:\/\/herrenchiemsee-festspiele.de\/en\/?s={search_term_string}"},"query-input":{"@type":"PropertyValueSpecification","valueRequired":true,"valueName":"search_term_string"}}],"inLanguage":"en-US"},{"@type":"Organization","@id":"https:\/\/herrenchiemsee-festspiele.de\/en\/#organization","name":"Herrenchiemsee Festspiele","url":"https:\/\/herrenchiemsee-festspiele.de\/en\/","logo":{"@type":"ImageObject","inLanguage":"en-US","@id":"https:\/\/herrenchiemsee-festspiele.de\/en\/#\/schema\/logo\/image\/","url":"https:\/\/herrenchiemsee-festspiele.de\/wp-content\/uploads\/2022\/09\/hcf-logo-neu.png","contentUrl":"https:\/\/herrenchiemsee-festspiele.de\/wp-content\/uploads\/2022\/09\/hcf-logo-neu.png","width":399,"height":150,"caption":"Herrenchiemsee Festspiele"},"image":{"@id":"https:\/\/herrenchiemsee-festspiele.de\/en\/#\/schema\/logo\/image\/"}}]}},"_links":{"self":[{"href":"https:\/\/herrenchiemsee-festspiele.de\/en\/wp-json\/wp\/v2\/pages\/7078","targetHints":{"allow":["GET"]}}],"collection":[{"href":"https:\/\/herrenchiemsee-festspiele.de\/en\/wp-json\/wp\/v2\/pages"}],"about":[{"href":"https:\/\/herrenchiemsee-festspiele.de\/en\/wp-json\/wp\/v2\/types\/page"}],"author":[{"embeddable":true,"href":"https:\/\/herrenchiemsee-festspiele.de\/en\/wp-json\/wp\/v2\/users\/5"}],"replies":[{"embeddable":true,"href":"https:\/\/herrenchiemsee-festspiele.de\/en\/wp-json\/wp\/v2\/comments?post=7078"}],"version-history":[{"count":0,"href":"https:\/\/herrenchiemsee-festspiele.de\/en\/wp-json\/wp\/v2\/pages\/7078\/revisions"}],"wp:attachment":[{"href":"https:\/\/herrenchiemsee-festspiele.de\/en\/wp-json\/wp\/v2\/media?parent=7078"}],"curies":[{"name":"wp","href":"https:\/\/api.w.org\/{rel}","templated":true}]}}

Klaus Jörg Schönmetzler

<p>[et_pb_section fb_built=&#8221;1&#8243; admin_label=&#8221;Sektion&#8221; _builder_version=&#8221;4.18.0&#8243; _module_preset=&#8221;24df4615-b98a-45b4-b8e0-f8ef254dc28e&#8221; global_colors_info=&#8221;{}&#8221;][et_pb_row column_structure=&#8221;1_3,2_3&#8243; admin_label=&#8221;Zeile&#8221; _builder_version=&#8221;4.18.0&#8243; _module_preset=&#8221;default&#8221; global_colors_info=&#8221;{}&#8221;][et_pb_column type=&#8221;1_3&#8243; _builder_version=&#8221;4.18.0&#8243; _module_preset=&#8221;default&#8221; global_colors_info=&#8221;{}&#8221;][et_pb_text _builder_version=&#8221;4.27.3&#8243; _module_preset=&#8221;default&#8221; hover_enabled=&#8221;0&#8243; global_colors_info=&#8221;{}&#8221; sticky_enabled=&#8221;0&#8243;]</p>
<h2>Klaus Jörg Schönmetzler</h2>
<p> 16 December 1949 &#8211; 25 May 2017[/et_pb_text][/et_pb_column][et_pb_column type=&#8221;2_3&#8243; _builder_version=&#8221;4.18.0&#8243; _module_preset=&#8221;default&#8221; global_colors_info=&#8221;{}&#8221;][et_pb_image src=&#8221;https://herrenchiemsee-festspiele.de/wp-content/uploads/2022/08/klaus-joerg-schoenmetzler.jpg&#8221; title_text=&#8221;klaus-joerg-schoenmetzler&#8221; _builder_version=&#8221;4.18.0&#8243; _module_preset=&#8221;default&#8221; global_colors_info=&#8221;{}&#8221;][/et_pb_image][/et_pb_column][/et_pb_row][et_pb_row column_structure=&#8221;1_3,2_3&#8243; admin_label=&#8221;Zeile&#8221; _builder_version=&#8221;4.18.0&#8243; _module_preset=&#8221;default&#8221; global_colors_info=&#8221;{}&#8221;][et_pb_column type=&#8221;1_3&#8243; _builder_version=&#8221;4.18.0&#8243; _module_preset=&#8221;default&#8221; global_colors_info=&#8221;{}&#8221;][/et_pb_column][et_pb_column type=&#8221;2_3&#8243; _builder_version=&#8221;4.18.0&#8243; _module_preset=&#8221;default&#8221; global_colors_info=&#8221;{}&#8221;][et_pb_text _builder_version=&#8221;4.18.0&#8243; _module_preset=&#8221;default&#8221; global_colors_info=&#8221;{}&#8221;]</p>
<p>In 2000, Enoch zu Guttenberg and his dramaturge Klaus Jörg Schönmetzler tested the suitability of the Herrenchiemsee<br />the suitability of the Herrenchiemsee Royal Palace&#8217;s Mirror Gallery as a concert hall with a seven-day ‘Bach Festival’. In 2001, the International Herrenchiemsee Festival was born, which has developed into an institution in international music life: a concept festival with an unmistakable profile and the highest artistic standards. The programme has always been guided by the special magic of the place with its monastic tradition spanning one and a half millennia, the world-famous royal palace and the birthplace of the German constitution.</p>
<p>[/et_pb_text][/et_pb_column][/et_pb_row][/et_pb_section]</p>

<p>Klaus Jörg Schönmetzler 16 December 1949 &#8211; 25 May 2017In 2000, Enoch zu Guttenberg and his dramaturge Klaus Jörg Schönmetzler tested the suitability of the Herrenchiemseethe suitability of the Herrenchiemsee Royal Palace&#8217;s Mirror Gallery as a concert hall with a seven-day ‘Bach Festival’. In 2001, the International Herrenchiemsee Festival was born, which has developed into [&hellip;]</p>

<!-- This site is optimized with the Yoast SEO plugin v26.9 - https://yoast.com/product/yoast-seo-wordpress/ -->
<title>Klaus Jörg Schönmetzler - Herrenchiemsee Festspiele</title>
<meta name="robots" content="index, follow, max-snippet:-1, max-image-preview:large, max-video-preview:-1" />
<link rel="canonical" href="https://herrenchiemsee-festspiele.de/en/klaus-joerg-schoenmetzler/" />
<meta property="og:locale" content="en_US" />
<meta property="og:type" content="article" />
<meta property="og:title" content="Klaus Jörg Schönmetzler - Herrenchiemsee Festspiele" />
<meta property="og:description" content="Klaus Jörg Schönmetzler 16 December 1949 - 25 May 2017In 2000, Enoch zu Guttenberg and his dramaturge Klaus Jörg Schönmetzler tested the suitability of the Herrenchiemseethe suitability of the Herrenchiemsee Royal Palace&#039;s Mirror Gallery as a concert hall with a seven-day ‘Bach Festival’. In 2001, the International Herrenchiemsee Festival was born, which has developed into [&hellip;]" />
<meta property="og:url" content="https://herrenchiemsee-festspiele.de/en/klaus-joerg-schoenmetzler/" />
<meta property="og:site_name" content="Herrenchiemsee Festspiele" />
<meta property="article:modified_time" content="2024-11-19T18:46:28+00:00" />
<meta name="twitter:card" content="summary_large_image" />
<meta name="twitter:label1" content="Est. reading time" />
	<meta name="twitter:data1" content="1 minute" />
<script type="application/ld+json" class="yoast-schema-graph">{"@context":"https://schema.org","@graph":[{"@type":"WebPage","@id":"https://herrenchiemsee-festspiele.de/en/klaus-joerg-schoenmetzler/","url":"https://herrenchiemsee-festspiele.de/en/klaus-joerg-schoenmetzler/","name":"Klaus Jörg Schönmetzler - Herrenchiemsee Festspiele","isPartOf":{"@id":"https://herrenchiemsee-festspiele.de/en/#website"},"datePublished":"2024-11-19T17:53:14+00:00","dateModified":"2024-11-19T18:46:28+00:00","breadcrumb":{"@id":"https://herrenchiemsee-festspiele.de/en/klaus-joerg-schoenmetzler/#breadcrumb"},"inLanguage":"en-US","potentialAction":[{"@type":"ReadAction","target":["https://herrenchiemsee-festspiele.de/en/klaus-joerg-schoenmetzler/"]}]},{"@type":"BreadcrumbList","@id":"https://herrenchiemsee-festspiele.de/en/klaus-joerg-schoenmetzler/#breadcrumb","itemListElement":[{"@type":"ListItem","position":1,"name":"Startseite","item":"https://herrenchiemsee-festspiele.de/en/"},{"@type":"ListItem","position":2,"name":"Klaus Jörg Schönmetzler"}]},{"@type":"WebSite","@id":"https://herrenchiemsee-festspiele.de/en/#website","url":"https://herrenchiemsee-festspiele.de/en/","name":"Herrenchiemsee Festspiele","description":"","publisher":{"@id":"https://herrenchiemsee-festspiele.de/en/#organization"},"potentialAction":[{"@type":"SearchAction","target":{"@type":"EntryPoint","urlTemplate":"https://herrenchiemsee-festspiele.de/en/?s={search_term_string}"},"query-input":{"@type":"PropertyValueSpecification","valueRequired":true,"valueName":"search_term_string"}}],"inLanguage":"en-US"},{"@type":"Organization","@id":"https://herrenchiemsee-festspiele.de/en/#organization","name":"Herrenchiemsee Festspiele","url":"https://herrenchiemsee-festspiele.de/en/","logo":{"@type":"ImageObject","inLanguage":"en-US","@id":"https://herrenchiemsee-festspiele.de/en/#/schema/logo/image/","url":"https://herrenchiemsee-festspiele.de/wp-content/uploads/2022/09/hcf-logo-neu.png","contentUrl":"https://herrenchiemsee-festspiele.de/wp-content/uploads/2022/09/hcf-logo-neu.png","width":399,"height":150,"caption":"Herrenchiemsee Festspiele"},"image":{"@id":"https://herrenchiemsee-festspiele.de/en/#/schema/logo/image/"}}]}</script>
<!-- / Yoast SEO plugin. -->

Klaus Jörg Schönmetzler - Herrenchiemsee Festspiele

Klaus Jörg Schönmetzler 16 December 1949 - 25 May 2017In 2000, Enoch zu Guttenberg and his dramaturge Klaus Jörg Schönmetzler tested the suitability of the Herrenchiemseethe suitability of the Herrenchiemsee Royal Palace's Mirror Gallery as a concert hall with a seven-day ‘Bach Festival’. In 2001, the International Herrenchiemsee Festival was born, which has developed into [&hellip;]
